*w - 31. Let j(k) = -3*k - 48. Let q(h) = -5*j(h) + 8*x(h). What is q(v)?
-8
Let p(b) be the first derivative of -3*b**2/2 + 5*b + 3. Suppose x + 4*o = 8, -x - 41*o = -39*o - 6. Give p(x).
-7
Suppose 0 = -5*t + 4*t - 15. Let x = 20 + t. Let n(r) be the second derivative of -r**4/12 + 5*r**3/6 - 2*r**2 - 128*r. Calculate n(x).
-4
Let t(m) = -74372*m - 4*m**2 + 5 + 2*m**2 + 74366*m. What is t(-5)?
-15
Suppose -78*x = 76*x + 3388. Let y(v) = -2*v**3 - 45*v**2 - 21*v + 25. Give y(x).
3
Suppose -4*s - 61 = 5*i - 370, -4*i = -4. Suppose s = 3*j - 32. Let d = j + -39. Let r(v) = -v**2 - 3*v - 2. Give r(d).
-2
Let j(k) = 65*k + 13. Let a(p) = 16*p + 3. Let r(x) = -9*a(x) + 2*j(x). Let y be 21/(-4) - 27/36. Let z be (-2)/6 + y + 22/3. Determine r(z).
-15
Let q(d) = 7*d**2 - 21*d + 20. Let c(v) = 3*v**2 - 10*v + 10. Let m(i) = -5*c(i) + 2*q(i). Suppose -n - 74 = 5*p - 135, 3*p = 30. Determine m(n).
-43
Suppose -6*s = s - 14. Let h(z) = 67*z - s - 70*z + 5. Suppose -2*j - 2*b + 16 = 2*j, -5*j - 3*b = -20. Calculate h(j).
-9
Let n(c) = 4781 + 0*c - 4682 - 6*c. Calculate n(18).
-9
Let b be (6 - 8) + 19 + (-16 - -4). Let m be 10/6 - (-2)/(-3). Let s(c) = -1. Let j(l) = -5*l. Let r(u) = m*j(u) - 2*s(u). Calculate r(b).
-23
Let z(v) be the third derivative of 0 + 0*v + 177*v**2 + 1/2*v**3 - 1/24*v**4. Give z(2).
1
Let g(r) = -r**3 + 9*r**2 + 6*r + 21. Suppose 9*z - 48*z + 270 = -12*z. Calculate g(z).
-19
Let g = 388 + -386. Let v(h) be the third derivative of h**6/40 - h**5/20 + h**4/8 - h**3/6 + 2*h**2 + 111*h. What is v(g)?
17
Let r(x) = -x**3 + 5*x**2 - 3*x - 7. Suppose -4*s - 28 = -44. Let f be r(s). Let m(w) = -6*w - 3. Calculate m(f).
15
Suppose 3 = -0*l + l. Suppose -6*m = -4*m - 6. Let v(j) = m*j**2 + 5*j - l*j + j. Calculate v(-2).
6
Let i(l) = -174 + l + 167 + 2*l - 2*l. Suppose -2*k = 5 + 3. Let h be (1 - (-33)/(-12))*k. Give i(h).
0
Let b(c) = 3*c**2 + 20*c + 9. Let t be ((-60)/(-80))/(1/12). Let o(k) = 13*k**2 + 82*k + 38. Let i(l) = t*b(l) - 2*o(l). Calculate i(-16).
5
Let p be (6/(-4))/(332/40 + -8). Let z(v) be the third derivative of v**4/24 + 5*v**3/6 - 4*v**2. What is z(p)?
0
Let v(p) = p**3 - 15*p**2 + 2*p - 27. Let n be v(15). Let r(x) = 1 + 0 + x**3 + 2*x**n - 2 + x**2. Suppose -w - 5 = 4*w. What is r(w)?
-3
Let d(q) be the second derivative of q**4/12 + 5*q**3/6 - 5*q**2/2 + 2*q. Suppose 3*g + 4*v + 58 = -97, -g - 3*v = 60. Let a be (-30)/(-4)*30/g. Determine d(a).
-5
Let n(p) = 2*p**2 + 127 + 423*p - 451*p + 8*p**2 - 8*p**2 - p**2. Give n(6).
-5
Let y(g) be the second derivative of g**5/20 - g**4/2 + g**3/6 - 7*g**2/2 - 4*g. Suppose 234*f - 60 = 224*f. What is y(f)?
-1
Let q(p) = 39*p + 116. Let n(i) = -21*i - 62. Let o(h) = -7*n(h) - 4*q(h). What is o(-9)?
51
Let w(c) be the second derivative of -c**4/6 + 3*c**3/2 - 7*c**2/2 + 48*c + 4. Suppose 2*u + 0*u = -24. Let x = -6 - u. Determine w(x).
-25
Let a(v) = 7*v**3 + v**2 - v + 17. Let l(q) = q**3 - q**2 + q - 1. Let k(r) = -a(r) + 6*l(r). What is k(-8)?
-15
Let q(h) = 16 - h + 46 - 4*h. Calculate q(12).
2
Suppose q = 5*u + 168, -3*u + 9*q = 4*q + 114. Let r(j) = j**3 + 34*j**2 + 36*j + 105. Let y be r(u). Let h(a) = a**2 - 7*a - 6. Give h(y).
-12
Let m(t) = -6*t + 172. Let v be m(29). Let y(x) = x - 3 + 4*x - 9*x. What is y(v)?
5
Let k(p) = p - 8. Let c = -45 - -45. Suppose -2*l - 7*l - 135 = c. Let x = l + 19. Determine k(x).
-4
Let t(r) = 20*r + 5*r**3 + 10*r**2 + 3 - 6*r**3 + 24*r - 25*r. Give t(12).
-57
Let m be ((-9)/(-6))/(2/(-11) + (-19)/(-44)). Let l(i) = -i**2 + 12*i - 29. Determine l(m).
7
Let z be (-5)/20*34*2. Let s(r) = 20*r + 3. Let u(i) = 7*i + 1. Let g(t) = z*u(t) + 6*s(t). Let y be 0*(15/6 + -3). What is g(y)?
1
Let g(m) = -698*m - 16 + 17 + 692*m + 2*m**2. Determine g(-6).
109
Let x(b) = 7 - 2 + b - 3. Let a be x(3). Let m(p) be the third derivative of -p**5/60 + p**4/4 - p**3/2 + 25*p**2 + 1. Calculate m(a).
2
Let l(j) = 56*j - 395. Let c(o) = -o**3 + 12*o**2 - 23*o + 37. Let a be c(10). Give l(a).
-3
Suppose 3*f - 4*q = 2 + 27, -3*f + 5*q + 34 = 0. Suppose -6 = -c + 4*j + 12, -j = f. Let p(y) = 838 - 2*y + 3*y + 845 - 1685 - 3*y. Give p(c).
-14
Let g(x) be the third derivative of x**7/2520 + 11*x**6/720 - x**5/30 - x**4/3 - 79*x**2. Let b(h) be the third derivative of g(h). What is b(-8)?
-5
Let w = -101 + 106. Let c(q) = -5*q**2 + 20*q**3 + 0*q**2 - 14*q**3 - 2 - 5*q**3 + 0*q**2. Calculate c(w).
-2
Let y(t) be the second derivative of -171*t + 4*t**3 + 0 - 1/2*t**2. Determine y(-1).
-25
Let w(p) = -2 + 3 - p + 1. Let u be (-196)/(-392) + 0 + 13/(-2). What is w(u)?
8
Let b(g) = -3*g - 27. Let t be b(-8). Suppose 5*j + 5 + 5 = 0. Let l be 2/j*(8 - (7 + t)). Let i(z) = z**3 + 5*z**2 + 2*z - 4. Give i(l).
4
Let n(k) be the third derivative of k**6/120 + k**5/12 + k**4/12 + k**3/6 + 14485*k**2. Let p be 4*2/(-8)*3. Give n(p).
13
Suppose 0 = 21*l - 19*l. Suppose -k = -l - 5, -5*b = k - 25. Let n(v) = -v**3 + 5*v**2 + 2*v - 2. Calculate n(b).
22
Let g(j) = -7*j**2 + 29*j + 13. Let l(a) = a**3 - 47*a**2 - 4*a + 193. Let p be l(47). Determine g(p).
-17
Let y(z) = -2*z**2 + 5*z - 5. Suppose 0 = -18*g + 51 + 57. Let x be 7/(14*g/24). Calculate y(x).
-3
Suppose 1121*g - 1134*g = 0. Let z(o) be the third derivative of -1/30*o**5 + 0*o**4 + 1/6*o**3 + 0 + 1/24*o**6 + g*o - 11*o**2. Calculate z(1).
4
Let c(j) be the second derivative of -j**4/12 - j**3 + 423*j. Suppose 3*z - 5*z = 5*w + 28, -5*z - 1 = w. Calculate c(w).
0
Let w(o) = 42*o - 19*o - 14 + 34 + 3 - 25*o. Calculate w(-12).
47
Let f(i) = -314*i - 947. Let q be 12/(-16)*(-4 - (10 + -18)). Determine f(q).
-5
Let z = 17865 - 17860. Let v(l) = -2*l**2 + 7*l + 16. Give v(z).
1
Let w be 1216/(-209) - 4/22. Let z be w/33 - (-105)/33. Let p(k) = 2*k - 1 - 407*k**3 - 3*k**2 + 0 + 5*k**2 + 406*k**z. Determine p(2).
3
Let j(l) = -10*l - 3. Suppose 0 = 3*f - 5*f + 4*z + 12, f = 5*z. Suppose -176*i + 181*i = -f. Calculate j(i).
17
Let p(x) = x**2 - 4*x + 2. Suppose 3*i - 4*z + 3 = 6, i - z - 1 = 0. Let j be (-68)/6 + i/(-6)*4. Let r be (j/(-2 - 1))/1. Determine p(r).
2
Let s(w) = -3*w**3 - w**2 - 6*w. Let m(i) = 10*i**3 + 2*i**2 + 19*i + 1. Let c(d) = -4*m(d) - 13*s(d). Suppose -4*y - 15 = -7*y. What is c(y)?
6
Let u(s) = -14*s**2 + 20*s + 13. Let i(x) = -67*x**2 + 98*x + 65. Let k(c) = 5*i(c) - 24*u(c). Calculate k(-6).
-11
Let i(z) = z**3 + 13*z**2 + 5*z - 75. Let b be i(-12). Let v be 1*(2/b + 7/9). Let r(q) = 1 + q**2 + q - 2 + 0*q**2 - 3*q**3. Give r(v).
-2
Let t be 1/4 + (-51)/12. Let r(o) = o**3 + 5402*o**2 + 5417*o**2 - o - 1 - 10817*o**2. Give r(t).
-29
Suppose 0 = -22*s + 67*s - 135. Let o(w) = 3*w**3 - 9*w**2 + 5. Let r(u) = -u**3 + 3*u**2 - 2. Let z(x) = -2*o(x) - 7*r(x). Determine z(s).
4
Suppose -22 = -25*n - 16 + 69. Let x(i) be the third derivative of -i**6/120 + i**5/30 - i**4/6 - i**3/6 - 3*i**2. Give x(n).
-22
Let i(g) be the second derivative of g**4/12 + 13*g**3/3 + 11*g**2 + 4773*g. Calculate i(-24).
-26
Suppose 0 = -g - 10 + 75. Let p = -59 + g. Let t(w) = 5*w**2 - p*w**2 + 29*w - 29*w - 8. Determine t(0).
-8
Let f(o) = o + 3. Suppose 4*p + 2*k = 64, -3*k = -4*p - 2*k + 70. Suppose 5*n - 28 = p. Let c be n/(-12)*(1 + 3). Give f(c).
0
Let r(i) = 9*i**3 + 2*i**2 + 730*i + 0*i**2 - 732*i + 7*i**3. What is r(1)?
16
Let w(g) = 5841*g + 5857*g - 11673*g + 2. Give w(-3).
-73
Let i(s) = -s**3 + 14*s**2 + 19*s - 68. Suppose 157 = 44*t - 503. What is i(t)?
-8
Let h(y) be the first derivative of -y**4/4 - 2*y**3 - 3*y**2/2 - 4*y - 30. Let q be 1/((-25)/6 - -1 - -3). What is h(q)?
14
Let m(z) = -12*z - 520*z**2 + 34 + 18*z + 16*z + 522*z**2. Give m(-7).
-22
Let x(n) = -391*n**2 - n**3 + 260*n - 263*n + 403*n**2 - 6. Give x(11).
82
Suppose -6 = 5*j - 8*j. Let n(o) be the first derivative of -o**4/4 + 2*o**3/3 - o**2/2 + 2*o - 1069. What is n(j)?
0
Let b(c) = 41*c - 572. Let f(i) = 27*i - 373. Let m(y) = -5*b(y) + 8*f(y). Determine m(10).
-14
Let q(a) be the third derivative of -a**5/60 - 5*a**4/12 - a**3 + 39*a**2 + 106*a. Let u be (-2 - 0)*18/4. Determine q(u).
3
Let r(z) = -44 - 48 + 27*z - 36*z + 138 - 49. Determine r(-3).
24
Let j(a) = -16*a - 9. Let l = 5060 + -5062. Give j(l).
23
Let r(t) be the third derivative of t**4/24 - 11*t**3/3 + 14*t**2 + 143*t. Determine r(-10).
-32
Let z(h) be the third derivative of 